{"id":341,"date":"2021-11-05T14:18:32","date_gmt":"2021-11-05T17:18:32","guid":{"rendered":"https:\/\/capoeiradevalor.com\/?page_id=341"},"modified":"2026-02-20T16:47:11","modified_gmt":"2026-02-20T19:47:11","slug":"aulas","status":"publish","type":"page","link":"https:\/\/capoeiradevalor.com\/index.php\/aulas\/","title":{"rendered":"Aulas"},"content":{"rendered":"<h2 style=\"text-align: center;\"><strong>Pratique Capoeira<\/strong><\/h2>\n<h2 style=\"text-align: center;\"><strong>Fa\u00e7a uma aula experimental<\/strong><\/h2>\n<h4 style=\"text-align: center;\"><strong>Dias e Hor\u00e1rios<\/strong><\/h4>\n<p style=\"text-align: center;\"><strong>Segunda Quarta Sexta<\/strong><\/p>\n<p style=\"text-align: center;\">19hrs \u00e0s 20:30hrs<\/p>\n<p style=\"text-align: center;\"><strong>Ter\u00e7a e Quinta<\/strong><\/p>\n<p style=\"text-align: center;\">08:30hrs \u00e0s 09:30<\/p>\n<p style=\"text-align: center;\"><strong>S\u00e1bado<\/strong><\/p>\n<p style=\"text-align: center;\">Infantil \u00e0 partir de 06 anos de idade<\/p>\n<p style=\"text-align: center;\">10Hrs \u00e0s 11Hrs<\/p>\n<p style=\"text-align: center;\"><strong>Mais informa\u00e7\u00f5es atrav\u00e9s dos contatos<\/strong><\/p>\n<p style=\"text-align: center;\"><strong>Mestre C\u00edcero<\/strong> &#8211;\u00a055-19 99544-7989<\/p>\n<p style=\"text-align: center;\"><strong>Contramestre Anselm<\/strong>o &#8211; 55-19 99355-9281<\/p>\n<p>&nbsp;<\/p>\n<hr \/>\n<p style=\"text-align: center;\">\n","protected":false},"excerpt":{"rendered":"<p>Pratique Capoeira Fa\u00e7a uma aula experimental Dias e Hor\u00e1rios Segunda Quarta Sexta 19hrs \u00e0s 20:30hrs Ter\u00e7a e Quinta 08:30hrs \u00e0s 09:30 S\u00e1bado Infantil \u00e0 partir de 06 anos de idade 10Hrs \u00e0s 11Hrs Mais informa\u00e7\u00f5es atrav\u00e9s dos contatos Mestre C\u00edcero &#8211;\u00a055-19 99544-7989 Contramestre Anselmo &#8211; 55-19 99355-9281 &nbsp;<\/p>\n","protected":false},"author":1,"featured_media":0,"parent":0,"menu_order":0,"comment_status":"closed","ping_status":"closed","template":"","meta":{"om_disable_all_campaigns":false,"_monsterinsights_skip_tracking":false,"_monsterinsights_sitenote_active":false,"_monsterinsights_sitenote_note":"","_monsterinsights_sitenote_category":0,"_joinchat":[],"footnotes":""},"aioseo_notices":[],"_links":{"self":[{"href":"https:\/\/capoeiradevalor.com\/index.php\/wp-json\/wp\/v2\/pages\/341"}],"collection":[{"href":"https:\/\/capoeiradevalor.com\/index.php\/wp-json\/wp\/v2\/pages"}],"about":[{"href":"https:\/\/capoeiradevalor.com\/index.php\/wp-json\/wp\/v2\/types\/page"}],"author":[{"embeddable":true,"href":"https:\/\/capoeiradevalor.com\/index.php\/wp-json\/wp\/v2\/users\/1"}],"replies":[{"embeddable":true,"href":"https:\/\/capoeiradevalor.com\/index.php\/wp-json\/wp\/v2\/comments?post=341"}],"version-history":[{"count":14,"href":"https:\/\/capoeiradevalor.com\/index.php\/wp-json\/wp\/v2\/pages\/341\/revisions"}],"predecessor-version":[{"id":216936,"href":"https:\/\/capoeiradevalor.com\/index.php\/wp-json\/wp\/v2\/pages\/341\/revisions\/216936"}],"wp:attachment":[{"href":"https:\/\/capoeiradevalor.com\/index.php\/wp-json\/wp\/v2\/media?parent=341"}],"curies":[{"name":"wp","href":"https:\/\/api.w.org\/{rel}","templated":true}]}}